-1
Let h(j) = -2*j - 11. Let k(t) = 2*t + 10. Let q(r) = 5*h(r) + 6*k(r). Let z(i) = i**2 + 9*i - 6. Let y be z(-9). Give q(y).
-7
Let b(y) = y + 3. Suppose k + 6 = -4. Let z be k/(-3)*36/30. Determine b(z).
7
Let l(q) = q**2 + q - 3. Let b be l(-3). Suppose -3*h = 5*c - 10, c - h + 3 = b*c. Let o(m) = 2*m. Give o(c).
-2
Let l(c) = -c - 8. Suppose -4*o - 2 - 2 = 0. Let x = -9 + 7. Let q be -6 + (-2 - x)/o. Determine l(q).
-2
Let r(g) = g**3 + 5 + 0*g**3 + 3*g**2 + g**2 + 2*g. Let q be r(-4). Let o(v) = 2*v**2 + 1 + 4*v**2 - 7*v**2 - 4*v. Determine o(q).
4
Let m(w) = -w**2 - 4*w - 5. Let c(p) = -p**2 - 4*p - 6. Let k(d) = -4*c(d) + 5*m(d). What is k(-4)?
-1
Let h(i) = 2*i - 7. Let r(a) = a - 3. Let l(j) = -4*h(j) + 7*r(j). Calculate l(6).
1
Let r(o) = o**3 - 4*o**2 - 5*o. Suppose l + l = 4*k - 18, 4*l + 24 = 5*k. Suppose -k*f + 25 = f. What is r(f)?
0
Suppose -5*f = -0*f + 30. Let m be f/(-4)*4 + -1. Let z(d) be the second derivative of -d**4/12 + 2*d**3/3 - 3*d**2/2 - d. Determine z(m).
-8
Suppose -3*v - 3*s + 15 = 2*v, -s = -5*v + 15. Let j(w) = -w**2 + w + 3. Calculate j(v).
-3
Let w = -3 + 7. Let k(o) = 2*o**2 - 6*o - 4. Let f be k(w). Let h(j) be the second derivative of j**4/12 - 5*j**3/6 + j**2/2 - j. Determine h(f).
-3
Let x(l) be the first derivative of -2 + l**2 - 3*l + 1/12*l**4 - 1/2*l**3. Let z(a) be the first derivative of x(a). What is z(3)?
2
Let o be 16/(4 + 0) - 2. Let b(d) be the first derivative of -d + 3 - 9/4*d**4 - 2/3*d**3 - d**o. Determine b(-1).
8
Suppose 3*n + 8 = -7. Suppose -4*z = -m - 2 - 2, z - 14 = -3*m. Let c(s) = z*s**3 - 3 - 2 - s**3 + 4*s**2 - 5*s. Calculate c(n).
-5
Let b = 13 + -27. Let q be 2/(-6) - b/(-3). Let k(m) = -2*m - 5. Determine k(q).
5
Let v(c) = -5*c - 5. Let s(a) = -2*a - 2. Let n(d) = 11*s(d) - 4*v(d). Let f be 1/(-2 + (-9)/(-5)). Give n(f).
8
Let k be ((-8)/(-5))/(8/20). Suppose -k = 6*s - 4*s. Let p(f) be the third derivative of -f**5/30 - f**2. Determine p(s).
-8
Let t(n) = 2*n**2 - 4*n + 2. Let j be t(2). Let q(h) = -10*h + 10. Let i(k) = 3*k - 3. Let l(v) = 7*i(v) + 2*q(v). Determine l(j).
1
Let v(h) = -2*h + 1. Let p = 4 + 0. Let m(c) = 2*c**2 - 5*c - 3. Let o be m(p). Let x = 5 - o. Calculate v(x).
9
Let d be 2 + (-2 - (0 - 0)). Suppose 3*a - o = 2, d = o - 3*o + 2. Let p be a - ((0 - 0) + 0). Let h(q) = 9*q. Give h(p).
9
Let z(g) = -2*g**3 + 4*g**2 - 4*g + 2. Let h(p) = -2*p + 14. Let m be h(6). Give z(m).
-6
Let b(d) = 2 + 5*d + 0 + 9*d - 9*d. Let h(x) = -2*x - 3. Let r(t) = -5*t - 8. Let n(l) = 8*h(l) - 3*r(l). Let j(w) = b(w) + 4*n(w). Determine j(-3).
-1
Let r(n) = -n**3 - n**2 - n + 3. Let t(m) = 1. Let o(j) = r(j) - 3*t(j). Calculate o(0).
0
Let n = -1 + 1. Let v = n - -2. Let k(w) = -w + w + w + 0. Give k(v).
2
Suppose -3*n = -2*n. Let a(b) = b**3 - b - 11. Determine a(n).
-11
Let g(v) = v**3 + 2 + 4*v - 57*v**2 - 51*v**2 + 112*v**2 + 0*v**3. What is g(-4)?
-14
Let p = -1 - -4. Let h(s) be the third derivative of s**6/120 - s**5/30 - s**4/8 + s**3/6 - 5*s**2. What is h(p)?
1
Let o(t) = -t**2 - 4*t. Let m be (-32)/12 + 1/(-3). Determine o(m).
3
Let k(s) be the first derivative of 0*s + 1/3*s**3 - 7/2*s**2 + 8. Suppose -6 + 0 = -w. Give k(w).
-6
Let n = 72 + -67. Let p(m) be the first derivative of -m**4/4 + 5*m**3/3 + m**2/2 - 5*m - 1. What is p(n)?
0
Let n(q) = q**3 + 6*q**2 + 9*q - 6. Let h(i) = 5*i**3 + 24*i**2 + 36*i - 23. Let u(j) = -2*h(j) + 9*n(j). Determine u(7).
6
Let j(w) = -3*w + 10. Let v(x) = x. Let t(c) = j(c) + 2*v(c). What is t(7)?
3
Suppose -4*o = 5*a - 2, 0 = 2*a - 5*o + 4*o - 6. Let q(b) = -2*b**3 + 4 + 1 + 4*b**2 - 2*b - 2 - 4. Give q(a).
-5
Suppose 6 = 4*j - 5*k, -5*j - 2*k + 3*k = -18. Let s be -3 + 1 + (-4 - -11). Let o(c) = c**3 + c - 7 - s*c**2 + 3*c + 1. What is o(j)?
-6
Let x(n) be the third derivative of -n**8/6720 - n**7/840 + n**6/360 + n**5/120 - n**4/12 + 3*n**2. Let q(f) be the second derivative of x(f). Calculate q(-3).
-5
Let d(q) = 2*q**3 - 5*q**2 + 4*q. Let w(f) = 3*f**3 - 5*f**2 + 5*f. Let h(z) = -4*d(z) + 3*w(z). Let y = 8 - 13. Calculate h(y).
5
Let g(p) be the third derivative of -p**6/60 + 10*p**2. What is g(-1)?
2
Let p(z) = 4*z**2 - 2*z + 1. Let g(u) = 9*u**2 - 4*u + 3. Let b(n) = 2*g(n) - 5*p(n). Determine b(2).
-3
Let h be (-2)/(3/(-3)*1). Let j(r) be the second derivative of -r**3/3 - r**2 + r. Determine j(h).
-6
Suppose 5*l - 2 + 52 = z, l + 24 = 3*z. Let s = -6 - l. Let v(c) = 3 - 2*c - s*c + 1 - 4*c**2 + 3*c**2. Determine v(-6).
-2
Let x(n) = -n. Let i(g) = g**3 - 7*g**2 + 3*g - 3. Let t(f) = -i(f) - 3*x(f). Let j = 2 - -5. What is t(j)?
3
Let v(g) = -5*g**2 - g - 6. Let z(a) = 11*a**2 + 2*a + 13. Let l(i) = 13*v(i) + 6*z(i). Let r be -3*2/(-4)*2. Calculate l(r).
6
Let a be (56/6 - 5) + (-8)/6. Let r(k) = 2*k**2 - 3*k - 2. Calculate r(a).
7
Let v(w) be the third derivative of -w**5/60 + w**4/4 + 7*w**3/6 + 15*w**2. What is v(6)?
7
Let r(c) = 4*c. Let v(q) = -5*q. Let p(a) = -6*r(a) - 5*v(a). Give p(0).
0
Let x(s) be the second derivative of -s**6/720 - s**5/30 - 5*s**4/12 + 5*s. Let o(d) be the third derivative of x(d). Determine o(0).
-4
Suppose 10 = -7*n + 5*n. Let i(s) = 3 - 7 + 1 - 2*s. Give i(n).
7
Let x(k) = k**3 + 2*k**2 - 5*k + 3. Suppose 12*c - 12 = 15*c. Determine x(c).
-9
Let l(h) = 3*h + 23. Let y be l(-7). Let k(p) be the first derivative of -3*p**y + 4*p + 3 - 1/4*p**4 - 2*p**3. Give k(-5).
9
Let m(o) be the first derivative of -o**6/360 + o**5/24 + 2*o**3 - 5. Let n(t) be the third derivative of m(t). What is n(5)?
0
Let g(u) = -3*u**3 + 16*u**2 + 8*u + 11. Let i(k) = -5*k**3 + 31*k**2 + 17*k + 21. Let d(o) = 7*g(o) - 4*i(o). Calculate d(-11).
4
Let r(p) = p**2 + p - 1. Let m(g) = 7*g**2 - 1. Let c(o) = -m(o) + 6*r(o). Calculate c(5).
0
Let h(t) = t - 4. Let x(l) = l - 7. Let p = -15 - -23. Let r be x(p). Let m be ((-5)/10)/(r/10). Give h(m).
-9
Let a(w) = w. Let g(v) = -v**2 - v - 1. Let i(m) = a(m) + g(m). Let y(p) = p**3 + 8*p**2 + 7*p + 8. Let s be y(-7). Suppose -8*b - s = -4*b. Determine i(b).
-5
Suppose -6*s + 2*s + 12 = 0. Let u be s*-1*3/9. Let b(g) = 9*g**2. What is b(u)?
9
Let v(r) = r**2 + 7*r - 6. Let w be v(-6). Let k be (-4)/w*(0 + 9). Let t(i) = i**3 - 3*i**2 - i + 2. Give t(k).
-1
Let y(s) = 2 + 0 - s - 2 + 1 + 1. Let h be 22/8 + (-2)/(-8). Calculate y(h).
-1
Let z(k) = -4*k**3 - 5*k**2 - 5*k - 9. Let c(a) = -3*a**3 - 5*a**2 - 5*a - 8. Let w(j) = 3*c(j) - 2*z(j). Determine w(-4).
-2
Let r(s) = s**2 - s - 13. Let z be (-3 + 0 + 3)*-1. Determine r(z).
-13
Let a = -2 + 3. Let z(y) be the second derivative of 7*y**6/720 - y**5/120 + y**4/4 - 4*y. Let n(x) be the third derivative of z(x). Determine n(a).
6
Let h be (6/3)/((-2)/5). Let t(q) = -291*q - 2 - 8 + 290*q. What is t(h)?
-5
Let d(j) = 43*j - 1. Let g be d(1). Suppose z + 93 = 5*m + 23, 2*z - g = -3*m. Let f = -10 + m. Let h(s) = -s - 3. Determine h(f).
-7
Suppose -5*a - x = -2*a - 9, a = -3*x - 5. Let i(l) = -l**2 + 6*l - 5. Determine i(a).
3
Suppose 2*x - 21 = 5*x. Let f(o) = -o**2 - 6*o + 4. Let u be f(x). Let s = u + 4. Let p(h) = 2*h**3 + h**2 - 2*h + 1. What is p(s)?
2
Let u(s) = s**3 + 3*s**2 - 4*s + 1. Suppose 9*z - 6 = 11*z. What is u(z)?
13
Let a(w) = 2*w**2 + 2*w - 2. Let k(v) = 6*v + v**2 - 2*v - 3*v - 2*v**2. Let r be k(-1). Calculate a(r).
2
Let h(u) = u**3 + u**2 - 2. Let i = 95 - 98. Give h(i).
-20
Suppose 0 = -12*c + 7*c + 10. Let d(y) be the third derivative of -1/120*y**6 - 1/20*y**5 + 0*y + 0 + y**c + 2/3*y**3 + 0*y**4. Calculate d(-3).
4
Let d(o) = -2*o - 1. Let i = 4 - 2. Let y be i/(((-8)/(-3))/(-4)). Determine d(y).
5
Let j(h) = h**3 - 5*h**2 + 6*h - 4. Let q(c) = 4*c**3 + c - 1. Let g be 3/6 + (-22)/4. Let d = g - -6. Let r be q(d). Determine j(r).
4
Let q = -11 - -14. Let t(d) = 8*d**3 - 4*d**3 + 5*d**2 - 3*d**3 - 4 + q*d. Determine t(-3).
5
Let w = 16 - 16. Suppose 0 = -w*q - q - 4. Let x(s) = s**2 + s - 4. Give x(q).
8
Let d = 56/9 + -109/18. Let l(x) be the third derivative of d*x**3 + 0*x - 5/24*x**4 + 0 - 2*x**2. Calculate l(-1).
6
Let a(v) = v + 7. Let z be a(-7). Suppose 2*f = -z*f + 6. Suppose -4*o - 16 = -5*l, 4 = -2*l - f*o + 15. Let h(k) = k**2 - 5*k + 1. Give h(l).
-3
Let j(f) = -f**2 - 7*f + 4. Let d be 8/(-28) + (-27)/(-21). Let t = -7 + d. Determine j(t).
10
Let m(q) be the third derivative of q**6/120